9 - -48. Suppose -5*z + 71 = -i. What is the tens digit of z?
2
Suppose -2*y - 2*z - 13 = y, y - 5*z + 27 = 0. Let o = 4 - y. What is the tens digit of o?
1
Let a(o) = 2*o. Suppose 4*c - 23 - 1 = 0. What is the tens digit of a(c)?
1
What is the tens digit of ((-5)/(-3))/(2/78)?
6
Suppose 4*b = -5*a + 2*a + 993, -b - 3*a = -255. What is the units digit of b?
6
Suppose -r = -2*r. Suppose r = 3*h - 15 - 9. What is the units digit of h?
8
Let y(x) = x**3 + 15*x**2 + 19*x + 5. What is the tens digit of y(-8)?
0
Suppose 6*x = 18 + 24. Suppose x*v = 2*v + 230. What is the tens digit of v?
4
Suppose 5*m = -3*q - 0*q - 7, 3*m - 21 = q. Let n(c) = -c**2 - 8*c + 1. Let i be n(-5). Let u = q + i. What is the units digit of u?
7
Let z be (-8)/(-44) + 35/(-11). Let a be (0/2 + z)/1. What is the units digit of -1 + 10*a/(-6)?
4
Let p(i) = i**2 + 4 + i + 2*i**2 - 2*i**2. What is the units digit of p(3)?
6
Let b(z) = 6*z - 14. Let l be b(9). Let v = l + 5. What is the tens digit of v?
4
Suppose 3*m + 652 = 5*m. What is the units digit of m?
6
Suppose -3*g - 43 = -5*o, 3*o - o = 3*g + 19. Let b be (6 - 2)*(-4)/(-8). Suppose 4*s + 18 = 5*w + 4, o = b*s. What is the units digit of w?
6
Let q(i) = -i**3 - 3*i**2 + 2*i - 3. Let y be q(-4). Suppose 2*l - 17 = -y*c, 3*l + 0*l + 2*c + 2 = 0. What is the units digit of (-33)/l + (-4)/16?
8
Suppose 6 = 4*f - y + 28, -y = 4*f + 26. Let u(p) = -p**2 - 5*p + 7. What is the units digit of u(f)?
1
Let k(r) = -3*r + 12. What is the units digit of k(-6)?
0
Let q(t) = -t**3 + 10*t**2 + 5*t + 15. What is the units digit of q(10)?
5
Let l(g) = 2*g**2 + 10*g - 11. What is the units digit of l(5)?
9
Suppose 0 = -2*k + 62 + 10. Suppose -4*a - 5*v + 143 = 0, -3*a + 75 = 5*v - k. What is the tens digit of a?
3
Let o = -451 + 708. Let f = o - 164. What is the units digit of f/15 - 2/10?
6
Let j(i) = 4*i**3 + 34*i**2 - 11*i + 14. Let a(z) = -3*z**3 - 23*z**2 + 7*z - 9. Let b(d) = -7*a(d) - 5*j(d). What is the tens digit of b(9)?
4
What is the tens digit of (3/(-2))/(7/14) - -36?
3
Suppose 4*z - 24 = z. Let m be (-8)/(-4) - (1 - z). What is the tens digit of m + (4 - 6/3)?
1
What is the units digit of (5 - (3 - 1)) + 2?
5
Suppose -7*c = -3*c - 16. Suppose -2*w = -v - 34, 5 + 11 = c*v. Suppose 4*p + 0*b = b + 29, w = 3*p + 2*b. What is the units digit of p?
7
Let x be (-9)/6*2/1. Let u(w) = w**2 + 2*w - 2. Let d be u(x). What is the units digit of ((-5)/(-1))/(0 + d)?
5
Let o = 761 - 453. What is the hundreds digit of o?
3
Let j(h) be the first derivative of -h**4/4 - 10*h**3/3 - h**2 + h - 2. What is the tens digit of j(-10)?
2
Suppose 3*c - 24 = -0. Let o = c - -17. Let s = 44 - o. What is the units digit of s?
9
Let b(s) = 2*s**3 - 3*s - 3. Let t(d) = -5*d**3 + d**2 + 6*d + 7. Let z(j) = -7*b(j) - 3*t(j). What is the units digit of z(2)?
2
Suppose 0 = 2*m - 0 - 4. Suppose 4*q - 30 = k, -k + 40 = 5*q - m. What is the units digit of q?
8
What is the tens digit of 1 + 2 - (-60 - (-9)/3)?
6
Let a be ((-8)/(-6))/((-8)/84). Let o = -6 - a. Suppose -16 = -3*d - 2*p + p, 4*d - 2*p - o = 0. What is the units digit of d?
4
Let n = -6 - -9. Suppose c + 7 = n*m, -m = c + 2*m - 11. Suppose 48 = 2*h + c*h. What is the tens digit of h?
1
Suppose -t = -6*t + 3*p + 201, 4*t = -5*p + 183. What is the units digit of t?
2
What is the units digit of 384/40 + 4/10?
0
Suppose -3*r + 20 = 2*r. Suppose -y - r*y + 15 = 0. Suppose -17 = -2*x - 3*a, y = 4*a - 1. What is the units digit of x?
7
Suppose 2*c = 3*c. Suppose -5*h + 31 = -3*j, c = -3*j + 4*h - 4 - 25. Let n = -2 - j. What is the units digit of n?
5
Let y be -4 - -4 - (-2 + 1). Suppose 5*j = 2*b - 6 - 0, -3*j = -b + y. What is the units digit of b?
3
Suppose -h = 2*h - 237. Suppose -3*n + h = -32. Suppose 8 + n = 3*p. What is the tens digit of p?
1
Let u be (-356)/(-10) + (-4)/(-10). Suppose 3*o = 4*o - u. Suppose -4 = -2*b + 4*m, -4*b + 2 = -2*m - o. What is the units digit of b?
2
Let o = 7 - 6. Suppose 0 = -g + 2 + o. What is the units digit of g?
3
Suppose -34 - 122 = -3*d. Suppose 3*i - d = -7*s + 2*s, -i - 56 = -5*s. What is the tens digit of s?
1
Let n be (-2 + 2)/(-1 + 3). Suppose n = l + 1. What is the units digit of (5/(-4))/(l/8)?
0
What is the units digit of ((-288)/30)/((-6)/40)?
4
Let b(d) = -d + 13. Let o be b(9). Suppose o + 4 = 4*z, 5*c + 15 = -5*z. What is the units digit of (c/15)/(1/(-18))?
6
Let t be (8/(-6))/(2/39). What is the units digit of (-238)/(-26) + 4/t?
9
What is the tens digit of (-57)/(-133) - 354/(-7)?
5
Suppose 0 = -8*t + 3*t + 115. What is the tens digit of t?
2
Let i(a) = a. Let u be i(0). Suppose 4*d + 18 = 5*d. Suppose -3*l + 0*l + d = u. What is the units digit of l?
6
What is the tens digit of -1 + (-216)/(-2 - 2)?
5
Suppose a + 430 = 6*a. What is the units digit of a?
6
Suppose 2*j = x - 0 - 8, -2*j = 2*x - 4. Suppose -5*o = -2*f + f - 51, -x*o - f = -48. What is the units digit of o?
1
Let p(t) = -t**2 - 8*t - 5. Let b be p(-7). Let z = b + 2. Suppose y = 5*h + 3*y - 76, z*y = -h + 26. What is the units digit of h?
4
Suppose 7 + 5 = -z - l, 4*l = 4*z + 8. Let a(m) = -m**2 - 1. Let h(k) = k**3 + 9*k**2 - k. Let w(u) = 2*a(u) + h(u). What is the units digit of w(z)?
5
Let s = 17 - 19. What is the units digit of (-2)/2 - s - -56?
7
Let p = -48 - -74. What is the units digit of p?
6
Let s = 0 + 11. What is the tens digit of s?
1
Suppose 2*w + 25 + 16 = u, 0 = -4*u - w + 164. Suppose -2*c = -4*p + 4 + 86, 0 = 2*p + 3*c - u. What is the tens digit of p?
2
Let s = 17 + -27. What is the tens digit of (-66)/4*s/15?
1
Let s(i) = i + 2. Let w be s(2). Suppose 7*x - 6 = w*x. Suppose -4*p + 6 = -x*g - 10, 0 = -p - 4*g - 5. What is the units digit of p?
3
Let o(w) = -2*w**2 + 1 + 4*w + 5*w - w**3 - 4*w + 0*w**3. Let p = -10 - -6. What is the units digit of o(p)?
3
Suppose -a - 2*a + 84 = 0. What is the tens digit of a?
2
Let n(x) = -x - 4. Let j be n(-7). Suppose -2*u + j = -21. What is the tens digit of u?
1
Let i(h) = 70*h**2 + 2*h + 2. What is the units digit of i(-1)?
0
Let z(a) = a**2 + 6*a + 6. What is the tens digit of z(-7)?
1
Suppose 359 + 31 = 3*v. What is the tens digit of v?
3
Suppose 2*n - 5*n + 12 = 0. What is the units digit of n?
4
Let h(w) = 41*w**2 - w. What is the units digit of h(1)?
0
Let p(j) = j**3 - 3*j**2 - j + 2. What is the units digit of p(4)?
4
Let z be 1/(2/200) + -1. Suppose 5*y + 2*t = z, -8 = 3*y + t - 67. What is the units digit of y?
9
Let f(r) = r**3 + 3*r**2 - 3*r + 4. Let u be f(-4). Suppose v - 3*v + 2 = u. What is the units digit of v?
1
Let j = 307 + 109. What is the tens digit of j?
1
Let a be 1 + (-4 + 2)/(-2). What is the units digit of (-1)/a*(2 + -8)?
3
Let h(f) = 11*f**3 + 7*f**2 - 10*f - 4. Let u(w) = -5*w**3 - 3*w**2 + 5*w + 2. Let v(p) = -6*h(p) - 13*u(p). What is the units digit of v(-3)?
3
Let m be (3/1 + -6)*-1. Let w(o) = o - 5. Let l be w(5). Suppose l*d + 3*i + 12 = 3*d, -m*i + 8 = d. What is the units digit of d?
5
Let u be (3 + -1)/(6/6). Let f(i) = u*i + 5*i**2 + 4 - i**3 + i - 6*i. What is the units digit of f(4)?
8
Let b(x) = -3*x. Let c(t) = 4*t + 1. Let o(g) = 3*b(g) + 2*c(g). Suppose 2*y = -9 - 1. What is the units digit of o(y)?
7
Suppose 2*z = -z + 6. Suppose 5*y = -11 + 46. Suppose 4*o = -3*f + y, z - 4 = -2*f. What is the units digit of o?
1
Let m(u) = u**2 + 8*u - 1. What is the tens digit of m(6)?
8
Let m = 55 + -33. What is the units digit of m?
2
What is the units digit of (-2)/16*-2 - 9/(-12)?
1
Let z(n) = 2*n**2 - 3*n - 5*n - n**2 + 2. Let w be z(6). What is the units digit of (-2)/(-5) + (-36)/w?
4
What is the tens digit of 10/(4/(-14) - (-1479)/4760)?
0
Let a = -1 - -2. Suppose 4*m = r + 2*r - 23, 0 = -4*r - m - a. What is the units digit of r?
1
Suppose 0 = -2*f + 4*c - 3*c + 11, c + 5 = 0. What is the units digit of f?
3
Let q(s) = 3*s**2 - s + 3. What is the units digit of q(-3)?
3
What is the units digit of (48/5)/(5/75)?
4
Let w = 435 + -188. What is the units digit of w?
7
Suppose -g - 24 = -2*n, 0*n = n + 4*g - 21. Let i = n + -10. What is the units digit of i?
3
Let b(y) = 9*y**2 - 2*y + 1. Let s be b(1). Suppose o - 1 = 0, -2*o = p - 0*o + s. Let i = 27 + p. What is the tens digit of i?
1
Let o(m) = 3*m - 3. Let p be o(2). Let z(q) = -25 + 21 + q**2 - p*q + 0*q**2 - q. What is the units